omposite?
False
Suppose 4*d + 0*d + 5*g - 15 = 0, 2*d - 4*g = 14. Suppose z + 3 = d. Is z + (-3)/(6/(-250)) prime?
True
Suppose 3*j - 3*k = 1467, j + 2*k = -0*k + 501. Is j prime?
False
Suppose -2*r + 2*l - 5*l + 138 = 0, -5*r = 2*l - 356. Let j = 17 + r. Is j a prime number?
True
Suppose 0 = -5*v - j + 18, 0 = -v - 2*j + 9. Suppose -v*f + 2*t + 129 = 0, 3*f = -f - 4*t + 172. Is f composite?
False
Suppose -2*i - 94 = 54. Let o = 105 + i. Is o prime?
True
Suppose 2*q + 4*s - 328 = 0, 0 = 2*q + s + 4*s - 333. Let r = -57 + q. Is r a composite number?
False
Let u(a) = -a - 8. Let q be u(-6). Let y be 1 + (0 - q) + -2. Is ((-3)/9)/(y/(-159)) a prime number?
True
Let r(f) = 6*f**2 - 6*f + 7. Let y(m) = m**2 - m - 1. Let l be y(-2). Is r(l) a composite number?
False
Suppose -7*r + 3653 = -7064. Is r a prime number?
True
Let w(x) = x**3 + 7*x**2 - 2*x + 3. Suppose 5 = 3*s - 2*s. Is w(s) a composite number?
False
Suppose 8 = 4*a - 0. Suppose 0 = a*k - 4, 2*f - 107 = -4*k + 155. Is f a composite number?
False
Let o be -53 + (1 - (0 + 1)). Is o*(-3 - 2*-1) a prime number?
True
Let b = -75 - -460. Let t = b + -661. Is t/4*(-4)/6 a prime number?
False
Let k(m) = 93*m**2 - 3*m - 2. Let s be k(-3). Is s/(-2)*1/(-2) a prime number?
True
Suppose 0 = 3*u + k + 2 + 12, 4*k = -3*u - 20. Let p = 6 + u. Suppose -d - p*d + 21 = 0. Is d a prime number?
True
Suppose 0 = -2*l + 6*l + 84. Let v be (4/(-14))/(3/l). Is ((-38)/(-3))/(v/3) a prime number?
True
Let t = 15 - -23. Is t a composite number?
True
Let i = -2 - -5. Suppose -i*a = 5*g - g - 98, 0 = -4*g + 4*a + 84. Is g composite?
False
Let c(r) = -r**2 - 3*r. Let l be c(-2). Suppose z - 101 = -4*f + 35, l*z + 58 = 2*f. Is f prime?
False
Let r = -11 - -6. Is (-5)/(r/209) - 0 prime?
False
Let t = 529 + 112. Is t a composite number?
False
Let x be (-75 + 4)/(1/(-9)). Suppose 5*y - 649 = -3*v, -v - x = -4*v - 3*y. Suppose v = 5*p - 127. Is p prime?
True
Let j(s) = 23*s**2 + 8*s - 11. Is j(6) prime?
False
Let w = -8 - -5. Is (-58)/(-2) - w - -1 prime?
False
Let t(a) = -a**3 - 9*a**2 + 3. Let o = -7 - 2. Let m be t(o). Is (-26)/8*(-1 - m) composite?
False
Let z(d) be the third derivative of -d**4/6 + 3*d**3/2 + 3*d**2. Is z(-12) prime?
False
Let r = -1640 + 2679. Is r composite?
False
Let z(a) = 9*a - 19. Let r(h) = -5*h + 10. Let o(s) = 5*r(s) + 3*z(s). Let w be o(5). Suppose w*j + 8 + 0 = 2*t, -22 = -3*t + 2*j. Is t a prime number?
False
Suppose s + 18 = 5*c, s = -3*c - s + 3. Suppose -2*f - c*u = -3*f + 58, -3*u = -4*f + 259. Is f prime?
True
Let p be 752/(-6)*9/(-2). Suppose -2*i = 3*d - 229, -p = -3*i - 2*i + d. Is i a prime number?
True
Let s = -2 + 4. Let u be 1*-15*(3 + -4). Let l = u - s. Is l a composite number?
False
Let z = 3226 - 1785. Is z a composite number?
True
Let r be 0 + 1 - (-1 + -16). Suppose 4*z - z = -r. Is (-2)/z + (-132)/(-9) composite?
True
Let q(n) = n**3 + 4*n**2 - n + 4. Let w be q(-5). Let y = -27 - w. Let d(u) = -u**3 - 12*u**2 - 13*u - 7. Is d(y) a prime number?
False
Suppose 0 = -3*x + 288 + 159. Is x composite?
False
Let y = -555 + 1282. Let j = y + -470. Is j composite?
False
Suppose -126 = -2*o + 2*d, -d = o - 3*d - 67. Let t = -24 + o. Is t a composite number?
True
Suppose 3*k - 63 = 4*z - z, 5*z = -2*k + 7. Let c = 118 - k. Suppose -o - o = -c. Is o composite?
True
Suppose -7*q = -2*q. Suppose -z + 209 = -q*z - 2*k, 4*k + 207 = z. Is z composite?
False
Let g(l) = 95*l**2 + l + 3. Is g(-2) prime?
False
Let j(r) = 0*r - r**2 + 2*r**2 - 1 + r. Let i = -2 - -6. Is j(i) composite?
False
Let t(l) = 57*l + 1. Let k(h) = -160*h - 14. Let w(d) = -53*d - 5. Let o(u) = -4*k(u) + 11*w(u). Let n(z) = -3*o(z) + 4*t(z). Is n(2) composite?
True
Suppose 6 = -3*l + 3*j, 0 = 4*l + 2*j + 2 - 0. Let h = l + 6. Suppose 0 = -h*q + 6*q - 11. Is q a composite number?
False
Let z = -27 + -17. Let w = z - -133. Is w composite?
False
Suppose -w = -3*n - 2*w - 1313, 2*n = 4*w - 866. Let q = 616 + n. Is q a composite number?
False
Suppose 5*a - 4 - 736 = 0. Suppose 0*p = -4*p + a. Is p a prime number?
True
Let q(c) = c + 19. Let i be q(0). Suppose -3*k - 2*g = -0*g - i, -5*k + 33 = 4*g. Suppose -3*u = 5*y - 664, u = -3*u - k*y + 887. Is u a composite number?
False
Let d(l) = -l**2 + 7*l + 5. Let v be d(7). Let a = v + 1. Suppose 3*g + 0*g + z = a, -4*z = 12. Is g a composite number?
False
Let i(n) = 3 + n + 22*n**2 + 0*n - 2 - 3*n. Is i(2) a prime number?
False
Suppose -4*n = -18 - 2. Let x be 1/((2 + -3)*-1). Suppose -2*z - z + x = 4*w, -40 = -n*z + w. Is z composite?
False
Suppose 2*m + 3*m - 655 = 0. Suppose -5*c = 4*x - 255, 2*x + c - m = 2*c. Is x prime?
False
Let t(f) = -f**3 - 9*f**2 - 11*f - 11. Let v be t(-8). Let g = v + 114. Is g composite?
False
Suppose 4*s = 2129 + 2723. Is s prime?
True
Suppose 3*b - 228 = 552. Suppose 3*z = z + 10. Suppose i = z*i - b. Is i a composite number?
True
Let h = -27 - -39. Is 3/18 + 1882/h prime?
True
Let d = -134 + 279. Is d a composite number?
True
Let r(q) = -q**3 - 6*q**2 + 10*q + 25. Is r(-12) a composite number?
False
Suppose -4*k = -u - 10, -3*u = -0*k + 3*k. Suppose h + 2*x + k*x + 2 = 0, x = -4*h + 37. Is ((-27)/(-6) - -1)*h a composite number?
True
Let b be (-1923)/12 - 2/(-8). Let c = -91 - b. Let m = -14 + c. Is m composite?
True
Suppose 5*p = -25, m + p - 7 = -2*m. Suppose 4*q - m*n - 158 = -n, q - 2*n - 42 = 0. Is q composite?
True
Suppose i - 5*o + 200 = 0, -i - 3*o = 2*i + 636. Let y = i + 359. Is y composite?
False
Let i be ((-4)/(-4))/((-1)/33). Let a = 7 - 5. Is (12/(-18))/(a/i) composite?
False
Suppose -x + 12 = -3*y, 4*x + 3*y - 5*y = 8. Suppose 2*d + x*d = 54. Let b = d + 6. Is b a composite number?
True
Let w be ((-58)/(-4))/(1/2). Let m be 39/(-9) - 1/(-3). Let f = w + m. Is f composite?
True
Is 862 - ((-6)/(-14) + (-10)/7) composite?
False
Suppose -3 = 3*j + 4*p - 22, -j + 7 = 2*p. Suppose 4*w - 650 = -5*a + 413, 854 = 4*a + j*w. Is a a composite number?
False
Let s(m) be the first derivative of 1 + 1/4*m**4 + 5*m + 5/3*m**3 - 1/2*m**2. Is s(4) a composite number?
True
Suppose -4*s - 95 = -p, -p - 2*s = 2*s - 71. Is p a composite number?
False
Let p be ((-5)/10)/(2/(-740)). Suppose -2*v - 2*v = -4*h + 740, -h + 4*v = -p. Is h a prime number?
False
Let k be (-40)/(-15) - 2/(-6). Suppose 0 = 2*n + 6, -k*j - 2*n = -j - 64. Is j prime?
False
Suppose -4*a - 5*u + 6 = -0*u, a + 5*u + 6 = 0. Let r(k) = -k - 3. Let w be r(0). Is w/12 - (-29)/a prime?
True
Let x(p) = p**2 + 4*p - 8. Let z be (3/6)/(1/(-2)). Let h = z + -6. Is x(h) a composite number?
False
Suppose 4*l + 3*t = 24, 3*l + 0*l + 3*t - 21 = 0. Let v be ((-2)/l)/(6/9). Is 0 + v + 5 + 11 a prime number?
False
Suppose -4*t + 6*t + 1251 = 5*s, 4*s + 3*t = 1010. Is s a composite number?
False
Let a(d) = -d**3 - 3*d**2 - 7*d + 3. Let n be a(-6). Suppose 3*h = -n + 942. Is h prime?
True
Let f(d) = 7*d + 9. Is f(7) a composite number?
True
Is 4 + -3 - -101*2 a prime number?
False
Let r = 59 - 42. Suppose -4*g = -547 - r. Suppose -g = -2*t - 35. Is t a prime number?
True
Let m(k) = 3*k - 1. Let o be m(1). Suppose o*z + 27 = 265. Is z composite?
True
Let o = 1030 + -291. Is o composite?
False
Suppose z + z = m + 16, 0 = 2*z + 4*m - 16. Suppose 5*w = z*w - 663. Is w composite?
True
Let g = 204 + 505. Is g prime?
True
Let t be 164/20 + (-1)/5. Let a = t + -10. Is -23*a/((-2)/(-1)) a composite number?
False
Is (-3)/(-4 + 1)*(187 - 0) prime?
False
Suppose 2*l + 1719 = -5*u + 8*u, -5*u - 4*l = -2865. Is u prime?
False
Suppose -2*q - 2582 = -5*u, 4*q - 1023 = -3*u + 547. Suppose s = -s + u. Is s a prime number?
False
Let x = 8 + -9. Is 115 + 16/((-4)/x) composite?
True
Let j = -131 + 70. Let p(a) = -73*a. Let g be p(2). Let o = j - g. Is o composite?
True
Let k be -2*(-3 + 10/(-4)). Is 2733/33 - (-2)/k a composite number?
False
Let j(k) = k**3 + 6*k**2 - 4*k - 8. Suppose 0 = 3*o - 0*m + 4*m + 26, -5*o - 3*m = 36. Let n be j(o). Is 1/(-4) + 1364/n prime?
False
Let f = 4 - 3. Is (-5)/(0 + f/(-7)) composite?
True
Suppose 4*d + 3*c = -0*c + 3061, 2*d - 1517 = 3*c. Is d prime?
False
Let r be ((-6)/(-4))/(4/8). Suppose r*v = -5*o + 209 + 51, -v - 2*o + 87 = 0. Is v a composite number?
True
Let y(o) = 358*o**2 + o - 16. Is y(3) prime?
True
Is (-5 - 57)*(-13)/2 a composite number?
True
Let v(c) = -4*c**3 + 4*c